{"id":2954,"date":"2025-07-23T20:04:23","date_gmt":"2025-07-23T18:04:23","guid":{"rendered":"https:\/\/alialaoui.com\/?page_id=2954"},"modified":"2025-07-23T22:25:10","modified_gmt":"2025-07-23T20:25:10","slug":"formation-en-ligne","status":"publish","type":"page","link":"https:\/\/alialaoui.com\/?page_id=2954","title":{"rendered":"Formation en ligne"},"content":{"rendered":"\n<figure class=\"wp-block-video\"><video controls src=\"https:\/\/alialaoui.com\/wp-content\/uploads\/2025\/07\/WhatsApp-Video-2025-07-23-at-20.33.10.mp4\"><\/video><\/figure>\n\n\n\n<figure class=\"wp-block-image size-large\"><a href=\"https:\/\/alialaoui.com\/wp-content\/uploads\/2025\/07\/Com-Cours-Melonea-1.jpg\"><img loading=\"lazy\" decoding=\"async\" width=\"1024\" height=\"1024\" src=\"https:\/\/alialaoui.com\/wp-content\/uploads\/2025\/07\/Com-Cours-Melonea-1-1024x1024.jpg\" alt=\"\" class=\"wp-image-2957\" srcset=\"https:\/\/alialaoui.com\/wp-content\/uploads\/2025\/07\/Com-Cours-Melonea-1-1024x1024.jpg 1024w, https:\/\/alialaoui.com\/wp-content\/uploads\/2025\/07\/Com-Cours-Melonea-1-300x300.jpg 300w, https:\/\/alialaoui.com\/wp-content\/uploads\/2025\/07\/Com-Cours-Melonea-1-150x150.jpg 150w, https:\/\/alialaoui.com\/wp-content\/uploads\/2025\/07\/Com-Cours-Melonea-1-768x768.jpg 768w, https:\/\/alialaoui.com\/wp-content\/uploads\/2025\/07\/Com-Cours-Melonea-1.jpg 1080w\" sizes=\"auto, (max-width: 1024px) 100vw, 1024px\" \/><\/a><\/figure>\n\n\n\n<p class=\"has-text-align-center\">D\u00e9couvrez les offres des cours en ligne sur le site Melonea disponibles en trois langues.<\/p>\n\n\n\n<div class=\"wp-block-media-text alignwide is-stacked-on-mobile\" style=\"grid-template-columns:15% auto\"><figure class=\"wp-block-media-text__media\"><img decoding=\"async\" src=\"https:\/\/thumbs.dreamstime.com\/b\/vetor-da-ilustra%C3%A7%C3%A3o-das-bandeiras-de-pa%C3%ADses-%C3%A1rabes-transfer%C3%AAncia-eps-do-155561640.jpg\" alt=\"Vetor Da Ilustra\u00e7\u00e3o Das Bandeiras De Pa\u00edses \u00e1rabes Ilustra\u00e7\u00e3o do Vetor ...\"\/><\/figure><div class=\"wp-block-media-text__content\">\n<p class=\"has-large-font-size\"><em>A venir<\/em><\/p>\n<\/div><\/div>\n\n\n\n<div class=\"wp-block-media-text alignwide is-stacked-on-mobile\" style=\"grid-template-columns:15% auto\"><figure class=\"wp-block-media-text__media\"><img loading=\"lazy\" decoding=\"async\" width=\"1024\" height=\"1024\" src=\"https:\/\/alialaoui.com\/wp-content\/uploads\/2025\/07\/11473748-1024x1024.png\" alt=\"\" class=\"wp-image-2971 size-full\" srcset=\"https:\/\/alialaoui.com\/wp-content\/uploads\/2025\/07\/11473748-1024x1024.png 1024w, https:\/\/alialaoui.com\/wp-content\/uploads\/2025\/07\/11473748-300x300.png 300w, https:\/\/alialaoui.com\/wp-content\/uploads\/2025\/07\/11473748-150x150.png 150w, https:\/\/alialaoui.com\/wp-content\/uploads\/2025\/07\/11473748-768x768.png 768w, https:\/\/alialaoui.com\/wp-content\/uploads\/2025\/07\/11473748-1536x1536.png 1536w, https:\/\/alialaoui.com\/wp-content\/uploads\/2025\/07\/11473748.png 2000w\" sizes=\"auto, (max-width: 1024px) 100vw, 1024px\" \/><\/figure><div class=\"wp-block-media-text__content\">\n<p class=\"has-large-font-size\"><a rel=\"noreferrer noopener\" href=\"https:\/\/melonea.com\/percussions-du-monde-arabe\/\" target=\"_blank\">Percussions du monde arabe &#8211; Melonea<\/a><\/p>\n<\/div><\/div>\n\n\n\n<p><\/p>\n\n\n\n<div class=\"wp-block-media-text alignwide is-stacked-on-mobile\" style=\"grid-template-columns:15% auto\"><figure class=\"wp-block-media-text__media\"><img decoding=\"async\" src=\"https:\/\/node01.flagstat.net\/media\/catalog\/product\/144x144\/3317.png\" alt=\"Petit drapeau anglais - 30 x 45 cm - Monsieur-Drapeaux\"\/><\/figure><div class=\"wp-block-media-text__content\">\n<p class=\"has-large-font-size\"><a href=\"https:\/\/melonea.com\/en\/percussion-from-the-arab-world\/\">Percussion from the Arab World &#8211; Melonea<\/a><\/p>\n<\/div><\/div>\n\n\n\n<p><\/p>\n\n\n\n<p><\/p>\n\n\n\n<div class=\"wp-block-media-text alignwide is-stacked-on-mobile\" style=\"grid-template-columns:15% auto\"><figure class=\"wp-block-media-text__media\"><img loading=\"lazy\" decoding=\"async\" width=\"1024\" height=\"540\" src=\"https:\/\/alialaoui.com\/wp-content\/uploads\/2025\/07\/illustration-of-spain-flag-vector-1024x540.jpg\" alt=\"\" class=\"wp-image-2978 size-full\" srcset=\"https:\/\/alialaoui.com\/wp-content\/uploads\/2025\/07\/illustration-of-spain-flag-vector-1024x540.jpg 1024w, https:\/\/alialaoui.com\/wp-content\/uploads\/2025\/07\/illustration-of-spain-flag-vector-300x158.jpg 300w, https:\/\/alialaoui.com\/wp-content\/uploads\/2025\/07\/illustration-of-spain-flag-vector-768x405.jpg 768w, https:\/\/alialaoui.com\/wp-content\/uploads\/2025\/07\/illustration-of-spain-flag-vector-1536x811.jpg 1536w, https:\/\/alialaoui.com\/wp-content\/uploads\/2025\/07\/illustration-of-spain-flag-vector-2048x1081.jpg 2048w\" sizes=\"auto, (max-width: 1024px) 100vw, 1024px\" \/><\/figure><div class=\"wp-block-media-text__content\">\n<p class=\"has-large-font-size\"><a href=\"https:\/\/melonea.com\/es\/percusion-del-mundo-arabe\/\">Percusi\u00f3n del mundo \u00e1rabe &#8211; Melonea<\/a><\/p>\n<\/div><\/div>\n","protected":false},"excerpt":{"rendered":"<p>D\u00e9couvrez les offres des cours en ligne sur le site Melonea disponibles en trois langues. A venir Percussions du monde arabe &#8211; Melonea Percussion from the Arab World &#8211; Melonea Percusi\u00f3n del mundo \u00e1rabe &#8211; Melonea<\/p>\n","protected":false},"author":3,"featured_media":0,"parent":0,"menu_order":0,"comment_status":"closed","ping_status":"closed","template":"","meta":{"footnotes":""},"class_list":["post-2954","page","type-page","status-publish","hentry"],"_links":{"self":[{"href":"https:\/\/alialaoui.com\/index.php?rest_route=\/wp\/v2\/pages\/2954","targetHints":{"allow":["GET"]}}],"collection":[{"href":"https:\/\/alialaoui.com\/index.php?rest_route=\/wp\/v2\/pages"}],"about":[{"href":"https:\/\/alialaoui.com\/index.php?rest_route=\/wp\/v2\/types\/page"}],"author":[{"embeddable":true,"href":"https:\/\/alialaoui.com\/index.php?rest_route=\/wp\/v2\/users\/3"}],"replies":[{"embeddable":true,"href":"https:\/\/alialaoui.com\/index.php?rest_route=%2Fwp%2Fv2%2Fcomments&post=2954"}],"version-history":[{"count":20,"href":"https:\/\/alialaoui.com\/index.php?rest_route=\/wp\/v2\/pages\/2954\/revisions"}],"predecessor-version":[{"id":3003,"href":"https:\/\/alialaoui.com\/index.php?rest_route=\/wp\/v2\/pages\/2954\/revisions\/3003"}],"wp:attachment":[{"href":"https:\/\/alialaoui.com\/index.php?rest_route=%2Fwp%2Fv2%2Fmedia&parent=2954"}],"curies":[{"name":"wp","href":"https:\/\/api.w.org\/{rel}","templated":true}]}}