{"id":265,"date":"2015-01-28T15:47:09","date_gmt":"2015-01-28T14:47:09","guid":{"rendered":"http:\/\/alialaoui.com\/?page_id=265"},"modified":"2025-07-23T21:57:38","modified_gmt":"2025-07-23T19:57:38","slug":"objectifs","status":"publish","type":"page","link":"https:\/\/alialaoui.com\/?page_id=265","title":{"rendered":"Stages de cuisine marocaine"},"content":{"rendered":"<p>Dans une ambiance chaleureuse et conviviale, ces stages permettent \u00e0 tous de d\u00e9couvrir la cuisine traditionnelle marocaine gr\u00e2ce \u00e0 l&rsquo;exp\u00e9rience et la g\u00e9n\u00e9rosit\u00e9 de Khadija El Fassia. Chacun participe \u00e0 l&rsquo;\u00e9laboration d&rsquo;un repas complet que nous partageons ensuite tous ensemble.\u00a0 \u00a0 \u00a0\u00a0<\/p>\n\n\n<p><\/p>\n","protected":false},"excerpt":{"rendered":"<p>Dans une ambiance chaleureuse et conviviale, ces stages permettent \u00e0 tous de d\u00e9couvrir la cuisine traditionnelle marocaine gr\u00e2ce \u00e0 l&rsquo;exp\u00e9rience et la g\u00e9n\u00e9rosit\u00e9 de Khadija El Fassia. Chacun participe \u00e0 l&rsquo;\u00e9laboration d&rsquo;un repas complet que nous partageons ensuite tous ensemble.\u00a0 \u00a0 \u00a0\u00a0<\/p>\n","protected":false},"author":1,"featured_media":0,"parent":0,"menu_order":0,"comment_status":"closed","ping_status":"open","template":"","meta":{"footnotes":""},"class_list":["post-265","page","type-page","status-publish","hentry"],"_links":{"self":[{"href":"https:\/\/alialaoui.com\/index.php?rest_route=\/wp\/v2\/pages\/265","targetHints":{"allow":["GET"]}}],"collection":[{"href":"https:\/\/alialaoui.com\/index.php?rest_route=\/wp\/v2\/pages"}],"about":[{"href":"https:\/\/alialaoui.com\/index.php?rest_route=\/wp\/v2\/types\/page"}],"author":[{"embeddable":true,"href":"https:\/\/alialaoui.com\/index.php?rest_route=\/wp\/v2\/users\/1"}],"replies":[{"embeddable":true,"href":"https:\/\/alialaoui.com\/index.php?rest_route=%2Fwp%2Fv2%2Fcomments&post=265"}],"version-history":[{"count":35,"href":"https:\/\/alialaoui.com\/index.php?rest_route=\/wp\/v2\/pages\/265\/revisions"}],"predecessor-version":[{"id":2995,"href":"https:\/\/alialaoui.com\/index.php?rest_route=\/wp\/v2\/pages\/265\/revisions\/2995"}],"wp:attachment":[{"href":"https:\/\/alialaoui.com\/index.php?rest_route=%2Fwp%2Fv2%2Fmedia&parent=265"}],"curies":[{"name":"wp","href":"https:\/\/api.w.org\/{rel}","templated":true}]}}