{"id":22,"date":"2014-10-17T20:40:46","date_gmt":"2014-10-17T19:40:46","guid":{"rendered":"http:\/\/alialaoui.com\/?page_id=22"},"modified":"2015-03-14T23:54:02","modified_gmt":"2015-03-14T22:54:02","slug":"le-pari-dali","status":"publish","type":"page","link":"https:\/\/alialaoui.com\/?page_id=22","title":{"rendered":"Le pari d&rsquo;Ali"},"content":{"rendered":"<p><a href=\"https:\/\/alialaoui.com\/wp-content\/uploads\/2015\/02\/2008-10-21-Ali-Alaoui_15-1.jpg\" target=\"_blank\"><img loading=\"lazy\" decoding=\"async\" class=\"  wp-image-399 aligncenter\" src=\"https:\/\/alialaoui.com\/wp-content\/uploads\/2015\/02\/2008-10-21-Ali-Alaoui_15-1-300x200.jpg\" alt=\"2008-10-21-Ali-Alaoui_15 (1)\" width=\"369\" height=\"246\" srcset=\"https:\/\/alialaoui.com\/wp-content\/uploads\/2015\/02\/2008-10-21-Ali-Alaoui_15-1-300x200.jpg 300w, https:\/\/alialaoui.com\/wp-content\/uploads\/2015\/02\/2008-10-21-Ali-Alaoui_15-1.jpg 598w\" sizes=\"auto, (max-width: 369px) 100vw, 369px\" \/><\/a><a href=\"https:\/\/alialaoui.com\/wp-content\/uploads\/2015\/02\/pariali.jpg\" target=\"_blank\"><img loading=\"lazy\" decoding=\"async\" class=\"  wp-image-402 aligncenter\" src=\"https:\/\/alialaoui.com\/wp-content\/uploads\/2015\/02\/pariali-300x200.jpg\" alt=\"pariali\" width=\"368\" height=\"244\" srcset=\"https:\/\/alialaoui.com\/wp-content\/uploads\/2015\/02\/pariali-300x200.jpg 300w, https:\/\/alialaoui.com\/wp-content\/uploads\/2015\/02\/pariali.jpg 750w\" sizes=\"auto, (max-width: 368px) 100vw, 368px\" \/><\/a><\/p>\n<p>Ali Alaoui invite le Maghreb, l\u2019Iran, l\u2019Inde et Cuba \u00e0 un dialogue polyrythmique. Cette rencontre in\u00e9dite propose une premi\u00e8re escale inspir\u00e9e des musiques d\u00e9ambulatoires du Maroc puis un envol avec un programme de compositions originales. Chaque percussion d\u00e9veloppera sa propre richesse et sera accentu\u00e9e par un magnifique \u00e9change.<\/p>\n<p><strong>Ali Alaoui: direction et compositions<\/strong><\/p>\n<p><strong>Karim Ziad: batterie <\/strong><\/p>\n<p><strong>Keyvan Chemirani: zarb <\/strong><\/p>\n<p><strong>Miguel Gomez: congas<\/strong><\/p>\n<p><strong>Debashish Brahmachari: tablas<\/strong><\/p>\n<p><strong>Thibault Laurent: riqq<\/strong><\/p>\n<p><strong>Ingrid Panquin: deff <\/strong><\/p>\n<p><strong>Radhia Meraghni: dahola<\/strong><\/p>\n<p><strong>Mehdi El Karoui: deff<\/strong><\/p>\n<p>VIDEO<\/p>\n<p>Documentaire r\u00e9alis\u00e9 par le Festival Jazz sur son 31, Toulouse, octobre 2008<\/p>\n<p><iframe loading=\"lazy\" title=\"Le pari d&#039;ali\" frameborder=\"0\" width=\"600\" height=\"486\" src=\"https:\/\/geo.dailymotion.com\/player.html?video=x7d49v&#038;\" allowfullscreen allow=\"autoplay; fullscreen; picture-in-picture; web-share\"><\/iframe><\/p>\n<p><a href=\"https:\/\/alialaoui.com\/wp-content\/uploads\/2015\/03\/Pari-d-Ali-web.jpg\" target=\"_blank\"><img loading=\"lazy\" decoding=\"async\" class=\"  wp-image-595 aligncenter\" src=\"https:\/\/alialaoui.com\/wp-content\/uploads\/2015\/03\/Pari-d-Ali-web-300x146.jpg\" alt=\"Pari d-Ali-web\" width=\"399\" height=\"194\" srcset=\"https:\/\/alialaoui.com\/wp-content\/uploads\/2015\/03\/Pari-d-Ali-web-300x146.jpg 300w, https:\/\/alialaoui.com\/wp-content\/uploads\/2015\/03\/Pari-d-Ali-web-1024x497.jpg 1024w, https:\/\/alialaoui.com\/wp-content\/uploads\/2015\/03\/Pari-d-Ali-web.jpg 1090w\" sizes=\"auto, (max-width: 399px) 100vw, 399px\" \/><\/a><\/p>\n","protected":false},"excerpt":{"rendered":"<p>Ali Alaoui invite le Maghreb, l\u2019Iran, l\u2019Inde et Cuba \u00e0 un dialogue polyrythmique. Cette rencontre in\u00e9dite propose une premi\u00e8re escale inspir\u00e9e des musiques d\u00e9ambulatoires du Maroc puis un envol avec un programme de compositions originales. Chaque percussion d\u00e9veloppera sa propre richesse et sera accentu\u00e9e par un magnifique \u00e9change. Ali Alaoui: direction et compositions Karim Ziad: [&hellip;]<\/p>\n","protected":false},"author":1,"featured_media":0,"parent":0,"menu_order":0,"comment_status":"open","ping_status":"open","template":"","meta":{"footnotes":""},"class_list":["post-22","page","type-page","status-publish","hentry"],"_links":{"self":[{"href":"https:\/\/alialaoui.com\/index.php?rest_route=\/wp\/v2\/pages\/22","targetHints":{"allow":["GET"]}}],"collection":[{"href":"https:\/\/alialaoui.com\/index.php?rest_route=\/wp\/v2\/pages"}],"about":[{"href":"https:\/\/alialaoui.com\/index.php?rest_route=\/wp\/v2\/types\/page"}],"author":[{"embeddable":true,"href":"https:\/\/alialaoui.com\/index.php?rest_route=\/wp\/v2\/users\/1"}],"replies":[{"embeddable":true,"href":"https:\/\/alialaoui.com\/index.php?rest_route=%2Fwp%2Fv2%2Fcomments&post=22"}],"version-history":[{"count":10,"href":"https:\/\/alialaoui.com\/index.php?rest_route=\/wp\/v2\/pages\/22\/revisions"}],"predecessor-version":[{"id":112,"href":"https:\/\/alialaoui.com\/index.php?rest_route=\/wp\/v2\/pages\/22\/revisions\/112"}],"wp:attachment":[{"href":"https:\/\/alialaoui.com\/index.php?rest_route=%2Fwp%2Fv2%2Fmedia&parent=22"}],"curies":[{"name":"wp","href":"https:\/\/api.w.org\/{rel}","templated":true}]}}