{"id":217,"date":"2023-07-26T15:06:00","date_gmt":"2023-07-26T13:06:00","guid":{"rendered":"http:\/\/alialaoui.com\/?page_id=217"},"modified":"2026-08-26T21:26:57","modified_gmt":"2026-08-26T19:26:57","slug":"chant-arabe","status":"publish","type":"page","link":"https:\/\/alialaoui.com\/?page_id=217","title":{"rendered":"Chorale de chant arabe"},"content":{"rendered":"\n<p class=\"has-black-color has-luminous-vivid-amber-background-color has-text-color has-background has-link-color wp-elements-936e8265fea3fe169e2ebbb7e05f09c0\"><strong>DEUX SAMEDIS PAR MOIS, 10h-13h \/ <strong>MAISON DE QUARTIER LA VACHE<\/strong>&nbsp;: 7 rue Marguerite Duras, 31200 Toulouse<\/strong><\/p>\n\n\n\n<p class=\"has-white-color has-text-color has-background has-link-color has-medium-font-size wp-elements-c2756c4e5aa99dabc80e7dc2f642bc8d\" style=\"background-color:#0d2b3e\"><strong>Objectif:<\/strong> <strong>D\u00e9couvrir la diversit\u00e9 des expressions musicales du monde arabe.<\/strong><\/p>\n\n\n\n<p>Reprise des cours le samedi 19 septembre.<\/p>\n\n\n\n<p>Les cours se d\u00e9rouleront 2 samedis par mois de septembre 2026 \u00e0 juin 2027.&nbsp;<\/p>\n\n\n\n<p>Cliquez ci-dessous pour vous inscrire :<\/p>\n\n\n\n<p><a href=\"https:\/\/www.helloasso.com\/associations\/ali-alaoui-arts-et-developpement\/adhesions\/chorale-de-chant-arabe-2\/widget\">TARIFS ET INSCRIPTIONS<\/a><\/p>\n\n\n\n<figure class=\"wp-block-image size-large is-resized\"><a href=\"https:\/\/alialaoui.com\/wp-content\/uploads\/2026\/08\/Flyer-Chorale-recto.jpg\"><img loading=\"lazy\" decoding=\"async\" width=\"724\" height=\"1024\" src=\"https:\/\/alialaoui.com\/wp-content\/uploads\/2026\/08\/Flyer-Chorale-recto-724x1024.jpg\" alt=\"\" class=\"wp-image-3451\" style=\"width:785px;height:auto\" srcset=\"https:\/\/alialaoui.com\/wp-content\/uploads\/2026\/08\/Flyer-Chorale-recto-724x1024.jpg 724w, https:\/\/alialaoui.com\/wp-content\/uploads\/2026\/08\/Flyer-Chorale-recto-212x300.jpg 212w, https:\/\/alialaoui.com\/wp-content\/uploads\/2026\/08\/Flyer-Chorale-recto-768x1086.jpg 768w, https:\/\/alialaoui.com\/wp-content\/uploads\/2026\/08\/Flyer-Chorale-recto-1086x1536.jpg 1086w, https:\/\/alialaoui.com\/wp-content\/uploads\/2026\/08\/Flyer-Chorale-recto.jpg 1414w\" sizes=\"auto, (max-width: 724px) 100vw, 724px\" \/><\/a><\/figure>\n\n\n\n<figure class=\"wp-block-image size-large\"><a href=\"https:\/\/alialaoui.com\/wp-content\/uploads\/2026\/08\/Flyer-Chorale-verso.jpg\"><img loading=\"lazy\" decoding=\"async\" width=\"724\" height=\"1024\" src=\"https:\/\/alialaoui.com\/wp-content\/uploads\/2026\/08\/Flyer-Chorale-verso-724x1024.jpg\" alt=\"\" class=\"wp-image-3452\" srcset=\"https:\/\/alialaoui.com\/wp-content\/uploads\/2026\/08\/Flyer-Chorale-verso-724x1024.jpg 724w, https:\/\/alialaoui.com\/wp-content\/uploads\/2026\/08\/Flyer-Chorale-verso-212x300.jpg 212w, https:\/\/alialaoui.com\/wp-content\/uploads\/2026\/08\/Flyer-Chorale-verso-768x1086.jpg 768w, https:\/\/alialaoui.com\/wp-content\/uploads\/2026\/08\/Flyer-Chorale-verso-1086x1536.jpg 1086w, https:\/\/alialaoui.com\/wp-content\/uploads\/2026\/08\/Flyer-Chorale-verso.jpg 1414w\" sizes=\"auto, (max-width: 724px) 100vw, 724px\" \/><\/a><\/figure>\n\n\n\n<figure class=\"wp-block-table is-style-regular\"><table class=\"has-black-color has-white-background-color has-text-color has-background has-link-color has-fixed-layout\"><thead><tr><th class=\"has-text-align-center\" data-align=\"center\">Planning (\u00e0 venir)<\/th><\/tr><\/thead><tbody><tr><td class=\"has-text-align-center\" data-align=\"center\">19 et 26 septembre<\/td><\/tr><tr><td class=\"has-text-align-center\" data-align=\"center\"><\/td><\/tr><tr><td class=\"has-text-align-center\" data-align=\"center\"><\/td><\/tr><tr><td class=\"has-text-align-center\" data-align=\"center\"><\/td><\/tr><tr><td class=\"has-text-align-center\" data-align=\"center\"><\/td><\/tr><tr><td class=\"has-text-align-center\" data-align=\"center\"><\/td><\/tr><tr><td class=\"has-text-align-center\" data-align=\"center\"><\/td><\/tr><tr><td class=\"has-text-align-center\" data-align=\"center\"><\/td><\/tr><tr><td class=\"has-text-align-center\" data-align=\"center\"><\/td><\/tr><tr><td class=\"has-text-align-center\" data-align=\"center\"><\/td><\/tr><\/tbody><\/table><\/figure>\n\n\n\n<p><\/p>\n\n\n\n\n\n<p class=\"has-white-color has-vivid-red-background-color has-text-color has-background has-link-color wp-elements-e7847128da865d3564f936ba833f2c57\"><\/p>\n","protected":false},"excerpt":{"rendered":"<p>DEUX SAMEDIS PAR MOIS, 10h-13h \/ MAISON DE QUARTIER LA VACHE&nbsp;: 7 rue Marguerite Duras, 31200 Toulouse Objectif: D\u00e9couvrir la diversit\u00e9 des expressions musicales du monde arabe. Reprise des cours le samedi 19 septembre. Les cours se d\u00e9rouleront 2 samedis par mois de septembre 2026 \u00e0 juin 2027.&nbsp; Cliquez ci-dessous pour vous inscrire : TARIFS [&hellip;]<\/p>\n","protected":false},"author":3,"featured_media":0,"parent":0,"menu_order":0,"comment_status":"closed","ping_status":"open","template":"","meta":{"footnotes":""},"class_list":["post-217","page","type-page","status-publish","hentry"],"_links":{"self":[{"href":"https:\/\/alialaoui.com\/index.php?rest_route=\/wp\/v2\/pages\/217","targetHints":{"allow":["GET"]}}],"collection":[{"href":"https:\/\/alialaoui.com\/index.php?rest_route=\/wp\/v2\/pages"}],"about":[{"href":"https:\/\/alialaoui.com\/index.php?rest_route=\/wp\/v2\/types\/page"}],"author":[{"embeddable":true,"href":"https:\/\/alialaoui.com\/index.php?rest_route=\/wp\/v2\/users\/3"}],"replies":[{"embeddable":true,"href":"https:\/\/alialaoui.com\/index.php?rest_route=%2Fwp%2Fv2%2Fcomments&post=217"}],"version-history":[{"count":58,"href":"https:\/\/alialaoui.com\/index.php?rest_route=\/wp\/v2\/pages\/217\/revisions"}],"predecessor-version":[{"id":3457,"href":"https:\/\/alialaoui.com\/index.php?rest_route=\/wp\/v2\/pages\/217\/revisions\/3457"}],"wp:attachment":[{"href":"https:\/\/alialaoui.com\/index.php?rest_route=%2Fwp%2Fv2%2Fmedia&parent=217"}],"curies":[{"name":"wp","href":"https:\/\/api.w.org\/{rel}","templated":true}]}}

<p class="has-black-color has-luminous-vivid-amber-background-color has-text-color has-background has-link-color wp-elements-936e8265fea3fe169e2ebbb7e05f09c0"><strong>DEUX SAMEDIS PAR MOIS, 10h-13h / <strong>MAISON DE QUARTIER LA VACHE</strong>&nbsp;: 7 rue Marguerite Duras, 31200 Toulouse</strong></p>



<p class="has-white-color has-text-color has-background has-link-color has-medium-font-size wp-elements-c2756c4e5aa99dabc80e7dc2f642bc8d" style="background-color:#0d2b3e"><strong>Objectif:</strong> <strong>Découvrir la diversité des expressions musicales du monde arabe.</strong></p>



<p>Reprise des cours le samedi 19 septembre.</p>



<p>Les cours se dérouleront 2 samedis par mois de septembre 2026 à juin 2027.&nbsp;</p>



<p>Cliquez ci-dessous pour vous inscrire :</p>



<p><a href="https://www.helloasso.com/associations/ali-alaoui-arts-et-developpement/adhesions/chorale-de-chant-arabe-2/widget">TARIFS ET INSCRIPTIONS</a></p>



<figure class="wp-block-image size-large is-resized"><a href="https://alialaoui.com/wp-content/uploads/2026/08/Flyer-Chorale-recto.jpg"><img loading="lazy" decoding="async" width="724" height="1024" src="https://alialaoui.com/wp-content/uploads/2026/08/Flyer-Chorale-recto-724x1024.jpg" alt="" class="wp-image-3451" style="width:785px;height:auto" srcset="https://alialaoui.com/wp-content/uploads/2026/08/Flyer-Chorale-recto-724x1024.jpg 724w, https://alialaoui.com/wp-content/uploads/2026/08/Flyer-Chorale-recto-212x300.jpg 212w, https://alialaoui.com/wp-content/uploads/2026/08/Flyer-Chorale-recto-768x1086.jpg 768w, https://alialaoui.com/wp-content/uploads/2026/08/Flyer-Chorale-recto-1086x1536.jpg 1086w, https://alialaoui.com/wp-content/uploads/2026/08/Flyer-Chorale-recto.jpg 1414w" sizes="auto, (max-width: 724px) 100vw, 724px" /></a></figure>



<figure class="wp-block-image size-large"><a href="https://alialaoui.com/wp-content/uploads/2026/08/Flyer-Chorale-verso.jpg"><img loading="lazy" decoding="async" width="724" height="1024" src="https://alialaoui.com/wp-content/uploads/2026/08/Flyer-Chorale-verso-724x1024.jpg" alt="" class="wp-image-3452" srcset="https://alialaoui.com/wp-content/uploads/2026/08/Flyer-Chorale-verso-724x1024.jpg 724w, https://alialaoui.com/wp-content/uploads/2026/08/Flyer-Chorale-verso-212x300.jpg 212w, https://alialaoui.com/wp-content/uploads/2026/08/Flyer-Chorale-verso-768x1086.jpg 768w, https://alialaoui.com/wp-content/uploads/2026/08/Flyer-Chorale-verso-1086x1536.jpg 1086w, https://alialaoui.com/wp-content/uploads/2026/08/Flyer-Chorale-verso.jpg 1414w" sizes="auto, (max-width: 724px) 100vw, 724px" /></a></figure>



<figure class="wp-block-table is-style-regular"><table class="has-black-color has-white-background-color has-text-color has-background has-link-color has-fixed-layout"><thead><tr><th class="has-text-align-center" data-align="center">Planning (à venir)</th></tr></thead><tbody><tr><td class="has-text-align-center" data-align="center">19 et 26 septembre</td></tr><tr><td class="has-text-align-center" data-align="center"></td></tr><tr><td class="has-text-align-center" data-align="center"></td></tr><tr><td class="has-text-align-center" data-align="center"></td></tr><tr><td class="has-text-align-center" data-align="center"></td></tr><tr><td class="has-text-align-center" data-align="center"></td></tr><tr><td class="has-text-align-center" data-align="center"></td></tr><tr><td class="has-text-align-center" data-align="center"></td></tr><tr><td class="has-text-align-center" data-align="center"></td></tr><tr><td class="has-text-align-center" data-align="center"></td></tr></tbody></table></figure>



<p></p>





<p class="has-white-color has-vivid-red-background-color has-text-color has-background has-link-color wp-elements-e7847128da865d3564f936ba833f2c57"></p>

<p>DEUX SAMEDIS PAR MOIS, 10h-13h / MAISON DE QUARTIER LA VACHE&nbsp;: 7 rue Marguerite Duras, 31200 Toulouse Objectif: Découvrir la diversité des expressions musicales du monde arabe. Reprise des cours le samedi 19 septembre. Les cours se dérouleront 2 samedis par mois de septembre 2026 à juin 2027.&nbsp; Cliquez ci-dessous pour vous inscrire : TARIFS [&hellip;]</p>
