{"id":206,"date":"2015-01-28T14:57:52","date_gmt":"2015-01-28T13:57:52","guid":{"rendered":"http:\/\/alialaoui.com\/?page_id=206"},"modified":"2015-02-21T00:47:34","modified_gmt":"2015-02-20T23:47:34","slug":"amazhir","status":"publish","type":"page","link":"https:\/\/alialaoui.com\/?page_id=206","title":{"rendered":"Amazir"},"content":{"rendered":"<p style=\"line-height: 16.35pt; margin: 3.75pt 0cm 7.5pt 0cm;\"><strong><span style=\"font-family: Arial;\">Brahim Dhour<\/span><\/strong><span style=\"font-family: Arial;\">, luth, violon, composition<\/span><\/p>\n<p style=\"line-height: 16.35pt; margin: 3.75pt 0cm 7.5pt 0cm;\"><strong><span style=\"font-family: Arial;\">Lionel Milazzo<\/span><\/strong><span style=\"font-family: Arial;\">, contrebasse<\/span><\/p>\n<p style=\"line-height: 16.35pt; margin: 3.75pt 0cm 7.5pt 0cm;\"><strong><span style=\"font-family: Arial;\">Ali Alaoui<\/span><\/strong><span style=\"font-family: Arial;\">, percussion<\/span><\/p>\n<p style=\"line-height: 16.35pt; margin: 3.75pt 0cm 7.5pt 0cm;\"><strong><span style=\"font-family: Arial;\">Pierre Bauzerand<\/span><\/strong><span style=\"font-family: Arial;\">, piano<\/span><\/p>\n<p style=\"line-height: 16.35pt; margin: 3.75pt 0cm 7.5pt 0cm;\">\n<p style=\"line-height: 16.35pt; margin: 3.75pt 0cm 7.5pt 0cm;\">Au-del\u00e0 des fronti\u00e8res, Amazir, c&rsquo;est l&rsquo;homme libre, libre de s&rsquo;abreuver de toutes les sonorit\u00e9s. Le mot libert\u00e9 a r\u00e9uni quatre passionn\u00e9s qui racontent une histoire musicale o\u00f9 se croisent th\u00e8mes et improvisations. C&rsquo;est un voyage original aux confins de musiques color\u00e9es, o\u00f9 les cordes frapp\u00e9es, frott\u00e9es r\u00e9pondent \u00e0 des peaux sonnant en fr\u00e9quence d\u00e9mesur\u00e9e. Sonorit\u00e9s arabo-andalouses, latino-orientales se m\u00ealent \u00e0 des influences indous et jazz. Une musique qui ne conna\u00eet pas de fronti\u00e8res, qui n&rsquo;appartient \u00e0 personne, nous rassemble et nous fait partager un bonheur imm\u00e9diat.<\/p>\n<p style=\"line-height: 16.35pt; margin: 3.75pt 0cm 7.5pt 0cm;\">\n<p style=\"line-height: 16.35pt; margin: 3.75pt 0cm 7.5pt 0cm;\"><a href=\"https:\/\/myspace.com\/dhourbrahim\/music\/songs\" target=\"_blank\">ECOUTER<\/a><\/p>\n","protected":false},"excerpt":{"rendered":"<p>Brahim Dhour, luth, violon, composition Lionel Milazzo, contrebasse Ali Alaoui, percussion Pierre Bauzerand, piano Au-del\u00e0 des fronti\u00e8res, Amazir, c&rsquo;est l&rsquo;homme libre, libre de s&rsquo;abreuver de toutes les sonorit\u00e9s. Le mot libert\u00e9 a r\u00e9uni quatre passionn\u00e9s qui racontent une histoire musicale o\u00f9 se croisent th\u00e8mes et improvisations. C&rsquo;est un voyage original aux confins de musiques color\u00e9es, [&hellip;]<\/p>\n","protected":false},"author":1,"featured_media":0,"parent":0,"menu_order":0,"comment_status":"closed","ping_status":"open","template":"","meta":{"footnotes":""},"class_list":["post-206","page","type-page","status-publish","hentry"],"_links":{"self":[{"href":"https:\/\/alialaoui.com\/index.php?rest_route=\/wp\/v2\/pages\/206","targetHints":{"allow":["GET"]}}],"collection":[{"href":"https:\/\/alialaoui.com\/index.php?rest_route=\/wp\/v2\/pages"}],"about":[{"href":"https:\/\/alialaoui.com\/index.php?rest_route=\/wp\/v2\/types\/page"}],"author":[{"embeddable":true,"href":"https:\/\/alialaoui.com\/index.php?rest_route=\/wp\/v2\/users\/1"}],"replies":[{"embeddable":true,"href":"https:\/\/alialaoui.com\/index.php?rest_route=%2Fwp%2Fv2%2Fcomments&post=206"}],"version-history":[{"count":8,"href":"https:\/\/alialaoui.com\/index.php?rest_route=\/wp\/v2\/pages\/206\/revisions"}],"predecessor-version":[{"id":524,"href":"https:\/\/alialaoui.com\/index.php?rest_route=\/wp\/v2\/pages\/206\/revisions\/524"}],"wp:attachment":[{"href":"https:\/\/alialaoui.com\/index.php?rest_route=%2Fwp%2Fv2%2Fmedia&parent=206"}],"curies":[{"name":"wp","href":"https:\/\/api.w.org\/{rel}","templated":true}]}}