{"id":2052,"date":"2023-07-26T20:11:00","date_gmt":"2023-07-26T18:11:00","guid":{"rendered":"http:\/\/alialaoui.com\/?page_id=2052"},"modified":"2025-08-30T19:07:06","modified_gmt":"2025-08-30T17:07:06","slug":"cours-de-oud-luth-oriental","status":"publish","type":"page","link":"https:\/\/alialaoui.com\/?page_id=2052","title":{"rendered":"Cours de oud &#8211; luth oriental"},"content":{"rendered":"\n<p>Deux niveaux sont propos\u00e9s : d\u00e9butant et avanc\u00e9. Les deux groupes auront cours par alternance un mardi sur deux de 19h \u00e0 20h , lieu \u00e0 confirmer.<\/p>\n\n\n\n<figure class=\"wp-block-image size-large\"><a href=\"https:\/\/alialaoui.com\/wp-content\/uploads\/2024\/09\/1.jpg\"><img loading=\"lazy\" decoding=\"async\" width=\"724\" height=\"1024\" src=\"https:\/\/alialaoui.com\/wp-content\/uploads\/2024\/09\/1-724x1024.jpg\" alt=\"\" class=\"wp-image-2685\" srcset=\"https:\/\/alialaoui.com\/wp-content\/uploads\/2024\/09\/1-724x1024.jpg 724w, https:\/\/alialaoui.com\/wp-content\/uploads\/2024\/09\/1-212x300.jpg 212w, https:\/\/alialaoui.com\/wp-content\/uploads\/2024\/09\/1-768x1086.jpg 768w, https:\/\/alialaoui.com\/wp-content\/uploads\/2024\/09\/1-1086x1536.jpg 1086w, https:\/\/alialaoui.com\/wp-content\/uploads\/2024\/09\/1.jpg 1414w\" sizes=\"auto, (max-width: 724px) 100vw, 724px\" \/><\/a><\/figure>\n\n\n\n<figure class=\"wp-block-image size-large\"><a href=\"https:\/\/alialaoui.com\/wp-content\/uploads\/2024\/09\/2.jpg\"><img loading=\"lazy\" decoding=\"async\" width=\"724\" height=\"1024\" src=\"https:\/\/alialaoui.com\/wp-content\/uploads\/2024\/09\/2-724x1024.jpg\" alt=\"\" class=\"wp-image-2686\" srcset=\"https:\/\/alialaoui.com\/wp-content\/uploads\/2024\/09\/2-724x1024.jpg 724w, https:\/\/alialaoui.com\/wp-content\/uploads\/2024\/09\/2-212x300.jpg 212w, https:\/\/alialaoui.com\/wp-content\/uploads\/2024\/09\/2-768x1086.jpg 768w, https:\/\/alialaoui.com\/wp-content\/uploads\/2024\/09\/2-1086x1536.jpg 1086w, https:\/\/alialaoui.com\/wp-content\/uploads\/2024\/09\/2.jpg 1414w\" sizes=\"auto, (max-width: 724px) 100vw, 724px\" \/><\/a><\/figure>\n\n\n\n<p><\/p>\n","protected":false},"excerpt":{"rendered":"<p>Deux niveaux sont propos\u00e9s : d\u00e9butant et avanc\u00e9. Les deux groupes auront cours par alternance un mardi sur deux de 19h \u00e0 20h , lieu \u00e0 confirmer.<\/p>\n","protected":false},"author":3,"featured_media":0,"parent":0,"menu_order":0,"comment_status":"closed","ping_status":"closed","template":"","meta":{"footnotes":""},"class_list":["post-2052","page","type-page","status-publish","hentry"],"_links":{"self":[{"href":"https:\/\/alialaoui.com\/index.php?rest_route=\/wp\/v2\/pages\/2052","targetHints":{"allow":["GET"]}}],"collection":[{"href":"https:\/\/alialaoui.com\/index.php?rest_route=\/wp\/v2\/pages"}],"about":[{"href":"https:\/\/alialaoui.com\/index.php?rest_route=\/wp\/v2\/types\/page"}],"author":[{"embeddable":true,"href":"https:\/\/alialaoui.com\/index.php?rest_route=\/wp\/v2\/users\/3"}],"replies":[{"embeddable":true,"href":"https:\/\/alialaoui.com\/index.php?rest_route=%2Fwp%2Fv2%2Fcomments&post=2052"}],"version-history":[{"count":8,"href":"https:\/\/alialaoui.com\/index.php?rest_route=\/wp\/v2\/pages\/2052\/revisions"}],"predecessor-version":[{"id":3144,"href":"https:\/\/alialaoui.com\/index.php?rest_route=\/wp\/v2\/pages\/2052\/revisions\/3144"}],"wp:attachment":[{"href":"https:\/\/alialaoui.com\/index.php?rest_route=%2Fwp%2Fv2%2Fmedia&parent=2052"}],"curies":[{"name":"wp","href":"https:\/\/api.w.org\/{rel}","templated":true}]}}