{"id":202,"date":"2015-01-28T14:57:15","date_gmt":"2015-01-28T13:57:15","guid":{"rendered":"http:\/\/alialaoui.com\/?page_id=202"},"modified":"2015-02-17T00:28:50","modified_gmt":"2015-02-16T23:28:50","slug":"quartiers-sud","status":"publish","type":"page","link":"https:\/\/alialaoui.com\/?page_id=202","title":{"rendered":"Quartiers Sud"},"content":{"rendered":"<p style=\"text-align: center;\"><a href=\"https:\/\/alialaoui.com\/wp-content\/uploads\/2015\/02\/Quartier_Sud_photo.jpg\" target=\"_blank\"><img loading=\"lazy\" decoding=\"async\" class=\"alignnone  wp-image-410\" src=\"https:\/\/alialaoui.com\/wp-content\/uploads\/2015\/02\/Quartier_Sud_photo-300x212.jpg\" alt=\"Quartier_Sud_photo\" width=\"425\" height=\"301\" srcset=\"https:\/\/alialaoui.com\/wp-content\/uploads\/2015\/02\/Quartier_Sud_photo-300x212.jpg 300w, https:\/\/alialaoui.com\/wp-content\/uploads\/2015\/02\/Quartier_Sud_photo-1024x724.jpg 1024w, https:\/\/alialaoui.com\/wp-content\/uploads\/2015\/02\/Quartier_Sud_photo.jpg 1754w\" sizes=\"auto, (max-width: 425px) 100vw, 425px\" \/><\/a><\/p>\n<p><strong>Christian Brun (guitare) \/\u00a0Philippe Renault (trombone) \/ Franck Monbaylet (piano) \/\u00a0Akim Bournane (contrebasse) \/\u00a0Ali Alaoui (percussions orientales) \/\u00a0Christian \u201ctonton\u201d Salut (batterie)<\/strong><\/p>\n<p>Pour sa 20\u00e8me \u00e9dition (octobre 2006), le festival \u00ab Jazz sur son 31 \u00bb a pr\u00e9sent\u00e9 \u00ab Musique des Suds \u00bb, un concert cr\u00e9ation command\u00e9 \u00e0 un All Stars de musiciens aux origines m\u00e9diterran\u00e9ennes. Devant le succ\u00e8s retentissant et le plaisir que prennent les musiciens \u00e0 se retrouver autour de ce projet, d\u00e9cision est prise de poursuivre l\u2019aventure. D\u2019autant que les bandes sonores et images de ce premier concert, venues rappeler ces moments de f\u00eate, font l\u2019unanimit\u00e9 aupr\u00e8s des six artistes repartis sur leurs routes respectives et montrent \u00e0 quel point les compositions con\u00e7ues pour l\u2019occasion s\u2019encha\u00eenent naturellement et donnent aux solistes un terrain id\u00e9al pour lib\u00e9rer leur inspiration. La musique de \u00ab Quartier Sud \u00bb puise ses racines dans la musique africaine, les musiques arabo-andalouses mais \u00e9galement dans certains rythmes latino-am\u00e9ricains. Sans oublier l\u2019\u00e9l\u00e9ment f\u00e9d\u00e9rateur que repr\u00e9sente le Jazz qui \u00e0 permis la rencontre de ces six fortes individualit\u00e9s.<br \/>\nEn six mots-cl\u00e9s : pulsation, soleil, improvisation, f\u00eate, virtuosit\u00e9, all\u00e9gresse\u2026<\/p>\n<p><strong>ALBUM \u00ab\u00a0La Paz Congo\u00a0\u00bb, chez Malambo, 2010<\/strong><\/p>\n<p><a href=\"https:\/\/alialaoui.com\/wp-content\/uploads\/2015\/02\/Quartier-Sud_pochette-album.jpg\" target=\"_blank\"><img loading=\"lazy\" decoding=\"async\" class=\"alignnone size-medium wp-image-416 aligncenter\" src=\"https:\/\/alialaoui.com\/wp-content\/uploads\/2015\/02\/Quartier-Sud_pochette-album-300x300.jpg\" alt=\"Quartier Sud_pochette album\" width=\"300\" height=\"300\" srcset=\"https:\/\/alialaoui.com\/wp-content\/uploads\/2015\/02\/Quartier-Sud_pochette-album-300x300.jpg 300w, https:\/\/alialaoui.com\/wp-content\/uploads\/2015\/02\/Quartier-Sud_pochette-album-150x150.jpg 150w, https:\/\/alialaoui.com\/wp-content\/uploads\/2015\/02\/Quartier-Sud_pochette-album.jpg 360w\" sizes=\"auto, (max-width: 300px) 100vw, 300px\" \/><\/a><\/p>\n<p><a href=\"http:\/\/www.deezer.com\/artist\/358009\" target=\"_blank\"><strong>ECOUTER<\/strong><\/a><\/p>\n","protected":false},"excerpt":{"rendered":"<p>Christian Brun (guitare) \/\u00a0Philippe Renault (trombone) \/ Franck Monbaylet (piano) \/\u00a0Akim Bournane (contrebasse) \/\u00a0Ali Alaoui (percussions orientales) \/\u00a0Christian \u201ctonton\u201d Salut (batterie) Pour sa 20\u00e8me \u00e9dition (octobre 2006), le festival \u00ab Jazz sur son 31 \u00bb a pr\u00e9sent\u00e9 \u00ab Musique des Suds \u00bb, un concert cr\u00e9ation command\u00e9 \u00e0 un All Stars de musiciens aux origines m\u00e9diterran\u00e9ennes. [&hellip;]<\/p>\n","protected":false},"author":1,"featured_media":0,"parent":0,"menu_order":0,"comment_status":"closed","ping_status":"open","template":"","meta":{"footnotes":""},"class_list":["post-202","page","type-page","status-publish","hentry"],"_links":{"self":[{"href":"https:\/\/alialaoui.com\/index.php?rest_route=\/wp\/v2\/pages\/202","targetHints":{"allow":["GET"]}}],"collection":[{"href":"https:\/\/alialaoui.com\/index.php?rest_route=\/wp\/v2\/pages"}],"about":[{"href":"https:\/\/alialaoui.com\/index.php?rest_route=\/wp\/v2\/types\/page"}],"author":[{"embeddable":true,"href":"https:\/\/alialaoui.com\/index.php?rest_route=\/wp\/v2\/users\/1"}],"replies":[{"embeddable":true,"href":"https:\/\/alialaoui.com\/index.php?rest_route=%2Fwp%2Fv2%2Fcomments&post=202"}],"version-history":[{"count":10,"href":"https:\/\/alialaoui.com\/index.php?rest_route=\/wp\/v2\/pages\/202\/revisions"}],"predecessor-version":[{"id":408,"href":"https:\/\/alialaoui.com\/index.php?rest_route=\/wp\/v2\/pages\/202\/revisions\/408"}],"wp:attachment":[{"href":"https:\/\/alialaoui.com\/index.php?rest_route=%2Fwp%2Fv2%2Fmedia&parent=202"}],"curies":[{"name":"wp","href":"https:\/\/api.w.org\/{rel}","templated":true}]}}